ommon factor of 120 and 959910.
30
What is the greatest common factor of 49105926 and 14069?
1279
Calculate the highest common divisor of 1550 and 14528770.
310
What is the highest common divisor of 2535444 and 13212?
36
What is the greatest common divisor of 283871 and 1642207?
2653
Calculate the highest common factor of 5680 and 374800.
80
What is the highest common divisor of 1375 and 278275?
25
What is the highest common divisor of 55813024 and 15520?
3104
What is the highest common divisor of 1257045246 and 54?
18
What is the greatest common factor of 13519743 and 255?
51
Calculate the greatest common factor of 756685 and 30.
5
What is the greatest common divisor of 75795 and 38159115?
2445
Calculate the highest common divisor of 1158755 and 2080.
65
Calculate the greatest common factor of 411 and 39109253.
137
Calculate the highest common factor of 79776 and 23688.
72
Calculate the greatest common factor of 802908923 and 6737.
6737
What is the highest common factor of 1568 and 275596?
4
What is the greatest common factor of 1443512 and 149472?
1384
What is the greatest common factor of 525 and 295397475?
75
What is the greatest common factor of 28819107 and 27?
9
Calculate the greatest common divisor of 48853099 and 410.
41
Calculate the highest common divisor of 9135795 and 13265.
1895
Calculate the highest common factor of 5967511 and 27192.
1133
What is the greatest common factor of 387703631 and 539?
49
What is the greatest common factor of 56708 and 8248?
4
What is the greatest common factor of 3016999885 and 5?
5
Calculate the greatest common factor of 618 and 1209529.
103
Calculate the greatest common factor of 43120 and 38136560.
6160
Calculate the highest common factor of 13077 and 12951.
9
Calculate the greatest common factor of 173957166 and 702.
54
Calculate the greatest common factor of 4 and 44772790.
2
What is the greatest common factor of 1353 and 372966?
33
What is the highest common divisor of 1023465447 and 747?
747
Calculate the highest common divisor of 3133573 and 4476.
373
Calculate the greatest common factor of 756 and 8311842.
378
Calculate the greatest common factor of 496948 and 46978.
566
Calculate the highest common divisor of 52235 and 32611490.
1685
Calculate the highest common factor of 199 and 761.
1
What is the greatest common divisor of 15914888 and 12584?
968
Calculate the highest common factor of 28626263 and 122.
61
What is the greatest common factor of 29610 and 36212043?
987
Calculate the greatest common factor of 65181421 and 43.
43
What is the highest common divisor of 7528 and 435126869?
941
Calculate the greatest common divisor of 34557334 and 777.
259
Calculate the greatest common divisor of 197895165 and 465.
465
Calculate the greatest common factor of 60 and 383486388.
12
What is the highest common factor of 87775769 and 22851?
2539
Calculate the greatest common divisor of 180 and 36936960.
60
Calculate the greatest common factor of 10120 and 39314.
22
What is the greatest common divisor of 1352 and 1133482324?
676
What is the greatest common factor of 23141 and 189289?
73
Calculate the highest common factor of 1867191 and 1029.
3
Calculate the highest common divisor of 4392157 and 8701.
77
Calculate the highest common factor of 1 and 1005599.
1
What is the greatest common divisor of 711 and 1845855?
9
Calculate the highest common divisor of 285 and 25032785.
95
Calculate the highest common divisor of 291691 and 13.
1
What is the greatest common divisor of 38094840 and 2205?
315
Calculate the greatest common factor of 41595060 and 195.
195
What is the greatest common factor of 126704996 and 836?
836
What is the greatest common factor of 6500 and 55315?
65
What is the highest common factor of 9644898 and 8?
2
Calculate the greatest common factor of 22 and 191732519.
11
Calculate the highest common divisor of 9 and 2161944.
9
What is the greatest common factor of 106716 and 70836?
12
What is the greatest common factor of 9928359 and 2268?
189
Calculate the greatest common divisor of 3663960 and 532.
76
Calculate the highest common factor of 87911721 and 18.
9
What is the greatest common divisor of 7 and 964299182?
7
What is the greatest common divisor of 428 and 2269388?
4
Calculate the highest common factor of 137192 and 2024.
88
Calculate the highest common divisor of 4419043 and 82752.
431
Calculate the greatest common factor of 421022 and 5222088.
3538
Calculate the highest common divisor of 2308229568 and 1728.
1728
What is the highest common divisor of 184 and 7161512?
8
What is the highest common divisor of 389 and 41440559?
389
Calculate the highest common divisor of 506242 and 31438.
22
Calculate the highest common divisor of 129 and 126427095.
129
Calculate the highest common factor of 4506 and 20856.
6
What is the highest common divisor of 49820 and 24617660?
940
Calculate the highest common factor of 113709973 and 13.
13
What is the greatest common factor of 556861 and 19?
1
Calculate the greatest common divisor of 222 and 1555702.
74
Calculate the greatest common factor of 4416405 and 105.
105
Calculate the highest common divisor of 119844909 and 9.
9
What is the highest common divisor of 138240 and 1852200?
1080
What is the greatest common factor of 19185 and 171348909?
3837
Calculate the highest common factor of 74439 and 93.
3
Calculate the greatest common divisor of 489023 and 5767485.
3733
Calculate the greatest common factor of 1304700 and 26700.
300
What is the highest common factor of 51 and 1264596?
51
What is the greatest common factor of 3719576 and 635?
127
Calculate the highest common divisor of 629647 and 25655.
733
Calculate the highest common divisor of 208 and 2618772.
52
What is the greatest common divisor of 131629 and 36087?
23
What is the greatest common divisor of 9599888 and 2336?
16
Calculate the greatest common divisor of 4473 and 1366963.
71
Calculate the greatest common divisor of 75033022 and 946.
86
Calculate the highest common factor of 26970 and 363785.
155
What is the highest common factor of 1292 and 8481448?
76
Calculate the highest common divisor of 1056029 and 1742.
13
Calculate the highest common divisor of 44505972 and 756.
252
What is the highest common divisor of 1095168 and 22272?
768
Calculate the highest common divisor of 3959 and 236134.
37
Calculate the highest common divisor of 524616 and 40344.
24
What is the highest common divisor of 8854 and 3952?
38
Calculate the highest common factor of 168 and 3533754.
42
Calculate the greatest common factor of 769533 and 11940.
597
Calculate the highest common divisor of 33082627 and 307.
307
Calculate the greatest common factor of 5054475 and 3.
3
Calculate the highest common divisor of 40852537 and 11.
11
What is the highest common divisor of 787776 and 1235520?
2112
Calculate the highest common factor of 480 and 87860640.
480
Calculate the highest common divisor of 28067 and 2243201.
2159
Calculate the greatest common factor of 2792 and 24287608.
2792
Calculate the highest common factor of 28485365 and 22640.
1415
Calculate the highest common divisor of 3507309 and 1222299.
3627
What is the highest common factor of 51068 and 562564?
68
Calculate the highest common divisor of 897 and 3335667.
69
What is the highest common factor of 648 and 699672?
24
Calculate the greatest common factor of 923063 and 2416.
151
Calculate the greatest common factor of 558332 and 485.
97
Calculate the greatest common divisor of 124209 and 2529.
9
Calculate the greatest common factor of 26523 and 104139.
63
Calculate the highest common factor of 468 and 31405712.
52
What is the greatest common factor of 40005 and 1715?
35
Calculate the greatest common factor of 59216 and 14016.
16
Calculate the highest common divisor of 57919587 and 19272.
2409
What is the highest common factor of 21967024 and 69?
23
What is the highest common factor of 13247 and 117026?
13
What is the greatest common divisor of 9323555 and 35?
5
What is the greatest common factor of 289640 and 66520?
40
Calculate the greatest common divisor of 3322 and 263344.
302
What is the greatest common factor of 26 and 318584201?
13
Calculate the greatest common divisor of 2624 and 241272044.
164
Calculate the highest common divisor of 178879754 and 25